nits digit of f(o)?
4
Let o(a) = -2*a - a + 5*a - a + 5. What is the units digit of o(0)?
5
Let x = 60 - 28. What is the tens digit of x?
3
Let w(q) be the second derivative of -17*q**3/6 - q**2/2 - 6*q. What is the units digit of w(-1)?
6
Suppose 2*k - 541 - 249 = 0. What is the tens digit of k?
9
Suppose 0*u = -2*u + 16. Let g = 5 - u. Let v = 11 + g. What is the units digit of v?
8
Let r(x) = 3*x - 9. Let z(k) = k**3 + 6*k**2 + 3*k. Let q be z(-5). What is the tens digit of r(q)?
2
Suppose 0 = -p - 2*p. Suppose p*l + 4*l = 20. Suppose 0 = l*c - 1 - 4. What is the units digit of c?
1
Suppose -7 = -0*i + i. What is the tens digit of 200/7 + (-3)/i?
2
Let o be 34/6 - 3/(-9). Let v(l) = o*l**2 - 10 - l**3 + l**3 + 3 + l**3. What is the tens digit of v(-5)?
1
Let z(g) = g**3 - 9*g**2 + g + 5. What is the hundreds digit of z(10)?
1
Let q(i) = 4*i**2. Let d be q(-1). Suppose 0 = -5*a + 6 + d. What is the tens digit of a*9/2 + 1?
1
Let n(w) = -w - 4. Let h be n(-5). Let l = 1 + h. Suppose o - l*o + 10 = 0. What is the tens digit of o?
1
Let t(i) = -2*i**2 - 7*i. Let r(v) = v**2 + 6*v - 1. Let d(z) = 3*r(z) + 2*t(z). What is the units digit of d(2)?
1
Let b(y) = -y**3 + 4*y**2 - 3*y + 2. Let f be b(3). What is the units digit of 2/(-2) + f/1?
1
Let x be (-2)/(-3) + (-39)/(-9). Suppose -x*m + 45 + 105 = 0. Suppose j = -2*j + m. What is the tens digit of j?
1
Let r be (8/(-14))/(4/(-14)). Let z(v) = 6*v - 3. What is the units digit of z(r)?
9
Let n = -1 + 0. What is the units digit of (14/4)/(n/(-2))?
7
Let i = -15 + 4. Let c = i - -37. What is the units digit of c?
6
Suppose 3*n + 10 = -5*a - n, 0 = 4*a + n - 3. Suppose 0 = a*l - 4*d - 12, 2*d = l - 3*l + 30. What is the units digit of l?
2
Let x = 7 - 3. Suppose o = 2*m - 0*m + 22, -x*o + 2*m = -112. What is the units digit of (o/(-9) - -3)*-6?
2
Let a(m) = -m + 11. Let s be a(7). Suppose s*q + 4*f - 80 = 0, -4*q + 85 = 6*f - f. Suppose 63 - q = 3*y. What is the tens digit of y?
1
Let t = 1 + 2. Suppose -2*l = t*l - 35. What is the units digit of l?
7
Let m(r) = -r**2 - 3. Let f be m(-3). Suppose -2*t + a = 32, -a - 81 = 5*t - 3*a. Let x = f - t. What is the units digit of x?
5
Let l(m) = 9*m + 2. Let j(q) = -q - 1. Let c(z) = -4*j(z) - l(z). Let w be c(-2). Suppose -w = -4*t - 0. What is the units digit of t?
3
Suppose -4*d + 11 = y - 22, -3*d = y - 26. What is the units digit of d?
7
Let x = 292 - 66. What is the tens digit of x?
2
Let r(w) = -4*w + 26. What is the units digit of r(-11)?
0
Let l = -552 + 861. What is the units digit of l?
9
Let c = 242 + -35. What is the hundreds digit of c?
2
Let i be 1 - 0 - (-12)/3. Suppose i*v = 5*g - g + 40, -5*g - 29 = -v. What is the units digit of v?
4
Suppose -4*k + 7*k = 3*x - 24, 3*x + 4 = -4*k. Let b be x - (4*-1 - -2). Let n = b - 3. What is the units digit of n?
3
Let v = -12 + -4. What is the tens digit of (-3)/12 - 196/v?
1
What is the tens digit of 4/(1 - 13)*-69?
2
Let c(h) = 19*h + 2. What is the units digit of c(2)?
0
Let w(l) = l - 1. Let q(m) = m**3 + 7*m**2 - 9*m - 10. Let x be q(-8). Let b be 3*(x + 20/6). What is the units digit of w(b)?
3
Let o be 6 - 2*(-2 + 3). Suppose -3 + 31 = o*g. What is the units digit of g?
7
Let j = 110 - -69. What is the tens digit of j?
7
Let k = 44 + -24. Suppose k + 1 = 3*b. What is the units digit of b?
7
Suppose 4*g - c - 148 = 0, 0*g + 4*g - 152 = 2*c. What is the units digit of g?
6
Suppose 0 = -2*w + 6*w - 20. Suppose 0 = 4*n + w*b + 7, 2 = -5*b - 13. Suppose 0*m - n*m = -6. What is the units digit of m?
3
Suppose -3*t - 5*k - 34 = -6*t, -4*t - 5*k - 13 = 0. Suppose 1 = t*b - 62. What is the units digit of b?
1
Suppose 6 = 4*m - 14. Suppose m*h - 30 = 2*h. What is the units digit of h?
0
Suppose 61 = 3*x - 5. Suppose 0 = 3*y + 2*h + 2, 3*y - 2*h + x = 0. What is the units digit of ((-2)/y)/(2/24)?
6
Let o(k) = k**3 + 6*k**2 + 7*k + 5. Let y(q) = -4*q**2 + q + 1. Let d be y(-1). What is the units digit of o(d)?
9
Suppose -3*n + 67 = 7. What is the tens digit of n?
2
Let v(p) = p**2 + 7*p - 3. Let t be v(-8). Suppose -5*n - 5*g + 3*g = -165, 132 = 4*n - t*g. What is the tens digit of n?
3
Let n = 18 - 13. Suppose -2*g = 5*q + 3*g - 130, -n*q = 2*g - 115. What is the tens digit of q?
2
Let s be (-5)/((-20)/36) - -1. Suppose 5*r = 5 + s. What is the units digit of r?
3
Suppose -197 = -2*w - 37. What is the units digit of w?
0
Suppose 0 = 4*f - 5*k + 23 - 3, -8 = -f - 2*k. Suppose 5*p = -f*p + 95. Suppose -5*d + 59 = p. What is the units digit of d?
8
Let v(r) = -r**2 + r - 20. Let g be v(0). Let s = g + 51. What is the units digit of s?
1
Let u = 106 + -92. What is the units digit of u?
4
Let w(p) = -p - 18. Let r(x) = 2*x + 37. Let q(f) = -6*r(f) - 13*w(f). Let c be q(-6). What is the units digit of 32/6 + 4/c?
6
Suppose 5*f = 4*y + 23, -y + 0*f = -2*f + 8. What is the units digit of (y/5)/(-1)*5?
2
Suppose -2*l - 2*l + 172 = 0. What is the tens digit of l?
4
Let g(j) = j**2 + 4*j + 6. Let z(l) = -l**3 - 7*l**2 - 6*l - 1. Let t be z(-6). Let u be 2 - 0/t - 7. What is the units digit of g(u)?
1
Suppose -o - 2*t = -29, -4*o = -2*t - 61 - 65. What is the tens digit of o?
3
What is the units digit of (-19 - -74) + 1 + 0?
6
Let x(z) = z + 1. Let d be x(3). Suppose 0*g = 2*g - d. What is the units digit of (16/(-3))/(g/(-3))?
8
Let x(p) = 2*p**2 - 3*p + 1. Let b be x(2). Suppose -f = 1 + b. Let s = 7 + f. What is the units digit of s?
3
What is the units digit of (-1443)/(-91) + 2/14?
6
Suppose h + 16 + 6 = 0. Let r = h + 33. What is the tens digit of r?
1
Suppose 2*t - 75 + 13 = 0. What is the tens digit of t?
3
Suppose 4*v - 324 = -4*k, -4*v + k + 300 = -k. Let c = v + -45. What is the tens digit of c?
3
Let j(p) = 2*p - 5. Let o be j(4). Suppose o*k + 2*k - 55 = 0. What is the tens digit of k?
1
Let z(i) = -10*i + i**2 - 2 + 0*i**2 - 2*i**2. Let l be z(-9). What is the units digit of (14/(-6))/(l/(-21))?
7
Let a be 1/1 - (5 - 2). Let z be 22*((-1)/a)/1. Let c = z + -7. What is the units digit of c?
4
What is the units digit of (-1)/5 - (-522)/10?
2
Suppose -2*u = -0*v + 4*v - 8, -4*v = u. What is the units digit of u?
8
Let o be ((-14)/2)/(4/(-12)). Let q be 69/o - 2/7. Suppose -3*p - y + 39 = 0, -q*p + 4*y - 3*y = -33. What is the units digit of p?
2
Let b(y) = -y**2 - 11*y + 7. Let s be b(-11). Suppose -4 = -3*p + p. Suppose -v - p*q + 5 = 0, -s + 27 = 2*v - q. What is the units digit of v?
9
Let o(l) = 5*l**3 - 9*l**2 - l. Let y(f) = -f**3 + f**2 + f. Let p(d) = -o(d) - 4*y(d). What is the units digit of p(4)?
4
Suppose 10 = 2*o - 8. Suppose -4*p - 5*r = -3*p - o, 3*p = 2*r + 27. Suppose -p = 5*b - 44. What is the units digit of b?
7
Let h(i) = 2*i**3 - i**2 + 3*i - 2. What is the tens digit of h(2)?
1
Let d = 219 + -142. What is the tens digit of d?
7
Let t(c) = -c - 3. Let l be t(-8). Suppose -l = -f - 1. What is the units digit of f?
4
Let c be (5/(-1) + -2)*-3. Let n be (-2)/6 - (-26)/6. Suppose -n*i + i = -c. What is the units digit of i?
7
Let o(p) = p**2 - 7*p - 13. Let d(u) be the third derivative of u**5/60 + u**4/24 + u**3/2 + 2*u**2. Let l be d(-3). What is the units digit of o(l)?
5
Let j = -94 + 134. Suppose 2*h = j + 12. What is the tens digit of h?
2
Let p(k) = -k**3 - 18*k**2 + 17*k - 20. What is the units digit of p(-19)?
8
Suppose -4*z = -2*v + 42, 4*z = 5*v - 0*z - 129. What is the tens digit of v?
2
Suppose -o = -5*i - 14, 0 = 5*i + 2*o - 0*o + 17. What is the tens digit of ((-46)/6 + 0)*i?
2
Let n be 180/7 - 18/(-63). Suppose -r + n = 7. What is the units digit of r?
9
Suppose 5*m + 5 = 0, -x + 2*x = -3*m + 155. Let j = -110 + x. What is the units digit of j?
8
Let i(n) = -n**2 - 1. Let z(c) = 2*c**3 + 6*c**2 + c + 2. Let k(x) = 4*i(x) + z(x). Let y be k(-2). Let t = 25 + y. What is the units digit of t?
3
Suppose -d + 20 = 4*d. Let u = d - 1. Suppose -m - x + 7 = 0, u*m - 3*x - 19 + 4 = 0. What is the units digit of m?
6
Suppose 0 = -2*b + 5*q + 58, 3*b - 4 - 101 = 3*q. What is the units digit of b?
9
Let m = 31 - 12. What is the tens digit of m?
1
Suppose -6*v - 226 = -7*v. What is the units digit of v?
6
Let j = 7 + 2. What is the units digit of j?
9
Suppose -36 = -4*z + 44. What is the units digit of z?
0
Suppose -14 + 81 = m + 4*w, 0 = 4*m + 5*w - 323. What is the tens digit o